CRAN Package Check Results for Package CDM

Last updated on 2022-09-30 10:53:47 CEST.

Flavor Version Tinstall Tcheck Ttotal Status Flags
r-devel-linux-x86_64-debian-clang 8.2-6 163.63 170.14 333.77 OK
r-devel-linux-x86_64-debian-gcc 8.2-6 122.68 126.09 248.77 OK
r-devel-linux-x86_64-fedora-clang 8.2-6 510.48 OK
r-devel-linux-x86_64-fedora-gcc 8.2-6 462.59 OK
r-devel-windows-x86_64 8.2-6 199.00 235.00 434.00 OK
r-patched-linux-x86_64 8.2-6 144.67 163.07 307.74 OK
r-release-linux-x86_64 8.2-6 132.34 161.91 294.25 OK
r-release-macos-arm64 8.2-6 96.00 NOTE
r-release-macos-x86_64 8.2-6 132.00 NOTE
r-release-windows-x86_64 8.2-6 239.00 221.00 460.00 OK
r-oldrel-macos-arm64 8.2-6 87.00 NOTE
r-oldrel-macos-x86_64 8.2-6 137.00 NOTE
r-oldrel-windows-ix86+x86_64 8.2-6 396.00 232.00 628.00 NOTE

Check Details

Version: 8.2-6
Check: installed package size
Result: NOTE
     installed size is 6.2Mb
     sub-directories of 1Mb or more:
     data 1.3Mb
     libs 3.4Mb
Flavors: r-release-macos-arm64, r-release-macos-x86_64, r-oldrel-macos-arm64, r-oldrel-macos-x86_64, r-oldrel-windows-ix86+x86_64