Last updated on 2024-05-07 10:55:54 CEST.
Flavor | Version | Tinstall | Tcheck | Ttotal | Status | Flags |
---|---|---|---|---|---|---|
r-devel-linux-x86_64-debian-clang | 1.5.2 | 19.82 | 86.89 | 106.71 | NOTE | |
r-devel-linux-x86_64-debian-gcc | 1.5.2 | 16.51 | 67.06 | 83.57 | NOTE | |
r-devel-linux-x86_64-fedora-clang | 1.5.2 | 146.99 | NOTE | |||
r-devel-linux-x86_64-fedora-gcc | 1.5.2 | 190.20 | NOTE | |||
r-devel-windows-x86_64 | 1.5.2 | 12.00 | 76.00 | 88.00 | OK | |
r-patched-linux-x86_64 | 1.5.2 | 21.23 | 81.82 | 103.05 | NOTE | |
r-release-linux-x86_64 | 1.5.2 | 19.09 | 89.84 | 108.93 | NOTE | |
r-release-macos-arm64 | 1.5.2 | 127.00 | OK | |||
r-release-windows-x86_64 | 1.5.2 | 11.00 | 71.00 | 82.00 | OK | |
r-oldrel-macos-arm64 | 1.5.2 | 38.00 | OK | |||
r-oldrel-macos-x86_64 | 1.5.2 | 58.00 | OK | |||
r-oldrel-windows-x86_64 | 1.5.2 | 15.00 | 88.00 | 103.00 | OK |
Version: 1.5.2
Check: for non-standard things in the check directory
Result: NOTE
Found the following files/directories:
‘hotcold.csv’
Flavors: r-devel-linux-x86_64-debian-clang, r-devel-linux-x86_64-debian-gcc, r-devel-linux-x86_64-fedora-clang, r-devel-linux-x86_64-fedora-gcc, r-patched-linux-x86_64, r-release-linux-x86_64