CRAN Package Check Results for Package CB2

Last updated on 2022-12-09 10:00:17 CET.

Flavor Version Tinstall Tcheck Ttotal Status Flags
r-devel-linux-x86_64-debian-clang 1.3.4 41.74 106.10 147.84 OK
r-devel-linux-x86_64-debian-gcc 1.3.4 36.41 80.15 116.56 OK
r-devel-linux-x86_64-fedora-clang 1.3.4 211.79 OK
r-devel-linux-x86_64-fedora-gcc 1.3.4 208.84 OK
r-devel-windows-x86_64 1.3.4 48.00 429.00 477.00 OK
r-patched-linux-x86_64 1.3.4 39.15 97.52 136.67 OK
r-release-linux-x86_64 1.3.4 39.81 96.00 135.81 OK
r-release-macos-arm64 1.3.4 58.00 NOTE
r-release-macos-x86_64 1.3.4 88.00 NOTE
r-release-windows-x86_64 1.3.4 56.00 826.00 882.00 OK
r-oldrel-macos-arm64 1.3.4 77.00 NOTE
r-oldrel-macos-x86_64 1.3.4 115.00 NOTE
r-oldrel-windows-ix86+x86_64 1.3.4 106.00 190.00 296.00 NOTE

Check Details

Version: 1.3.4
Check: installed package size
Result: NOTE
     installed size is 6.5Mb
     sub-directories of 1Mb or more:
     data 1.6Mb
     extdata 1.1Mb
     libs 3.3Mb
Flavors: r-release-macos-arm64, r-release-macos-x86_64, r-oldrel-macos-arm64, r-oldrel-macos-x86_64, r-oldrel-windows-ix86+x86_64