CRAN Package Check Results for Package CAST

Last updated on 2020-08-14 10:03:30 CEST.

Flavor Version Tinstall Tcheck Ttotal Status Flags
r-devel-linux-x86_64-debian-clang 0.4.2 13.74 260.98 274.72 OK
r-devel-linux-x86_64-debian-gcc 0.4.2 10.44 200.96 211.40 OK
r-devel-linux-x86_64-fedora-clang 0.4.2 333.74 OK
r-devel-linux-x86_64-fedora-gcc 0.4.2 325.03 OK
r-devel-windows-ix86+x86_64 0.4.2 43.00 346.00 389.00 OK
r-patched-linux-x86_64 0.4.2 15.84 253.78 269.62 OK
r-patched-solaris-x86 0.4.2 482.10 NOTE
r-release-linux-x86_64 0.4.2 13.31 252.39 265.70 OK
r-release-macos-x86_64 0.4.2 OK
r-release-windows-ix86+x86_64 0.4.2 40.00 263.00 303.00 OK
r-oldrel-macos-x86_64 0.4.2 OK
r-oldrel-windows-ix86+x86_64 0.4.2 29.00 221.00 250.00 OK

Check Details

Version: 0.4.2
Check: installed package size
Result: NOTE
     installed size is 5.2Mb
     sub-directories of 1Mb or more:
     doc 3.3Mb
     extdata 1.8Mb
Flavor: r-patched-solaris-x86