Last updated on 2023-02-08 09:56:04 CET.
Flavor | Version | Tinstall | Tcheck | Ttotal | Status | Flags |
---|---|---|---|---|---|---|
r-devel-linux-x86_64-debian-clang | 0.9.11 | 2317.96 | 47.60 | 2365.56 | NOTE | |
r-devel-linux-x86_64-debian-gcc | 0.9.11 | 1734.30 | 50.10 | 1784.40 | NOTE | |
r-devel-linux-x86_64-fedora-clang | 0.9.11 | 3259.83 | NOTE | |||
r-devel-linux-x86_64-fedora-gcc | 0.9.11 | 2839.03 | NOTE | |||
r-devel-windows-x86_64 | 0.9.11 | 2458.00 | 171.00 | 2629.00 | NOTE | |
r-patched-linux-x86_64 | 0.9.11 | 2085.89 | 56.75 | 2142.64 | NOTE | |
r-release-linux-x86_64 | 0.9.11 | 2070.54 | 56.49 | 2127.03 | NOTE | |
r-release-macos-arm64 | 0.9.11 | 180.00 | NOTE | |||
r-release-macos-x86_64 | 0.9.11 | 347.00 | NOTE | |||
r-release-windows-x86_64 | 0.9.11 | 2867.00 | 126.00 | 2993.00 | NOTE | |
r-oldrel-macos-arm64 | 0.9.11 | 175.00 | NOTE | |||
r-oldrel-macos-x86_64 | 0.9.11 | 341.00 | NOTE | |||
r-oldrel-windows-ix86+x86_64 | 0.9.11 | 4854.00 | 90.00 | 4944.00 | NOTE |
Version: 0.9.11
Check: for GNU extensions in Makefiles
Result: NOTE
GNU make is a SystemRequirements.
Flavors: r-devel-linux-x86_64-debian-clang, r-devel-linux-x86_64-debian-gcc, r-devel-linux-x86_64-fedora-clang, r-devel-linux-x86_64-fedora-gcc, r-devel-windows-x86_64, r-patched-linux-x86_64, r-release-linux-x86_64, r-release-macos-arm64, r-release-macos-x86_64, r-release-windows-x86_64, r-oldrel-macos-arm64, r-oldrel-macos-x86_64, r-oldrel-windows-ix86+x86_64
Version: 0.9.11
Check: installed package size
Result: NOTE
installed size is 48.7Mb
sub-directories of 1Mb or more:
include 10.5Mb
lib 37.8Mb
Flavors: r-devel-linux-x86_64-fedora-clang, r-devel-windows-x86_64, r-release-macos-arm64, r-release-macos-x86_64, r-release-windows-x86_64, r-oldrel-macos-arm64, r-oldrel-macos-x86_64, r-oldrel-windows-ix86+x86_64