Last updated on 2023-06-08 09:59:11 CEST.
Flavor | Version | Tinstall | Tcheck | Ttotal | Status | Flags |
---|---|---|---|---|---|---|
r-devel-linux-x86_64-debian-clang | 2.2.1 | 6.72 | 64.40 | 71.12 | OK | |
r-devel-linux-x86_64-debian-gcc | 2.2.1 | 5.38 | 47.42 | 52.80 | OK | |
r-devel-linux-x86_64-fedora-clang | 2.2.1 | 87.12 | NOTE | |||
r-devel-linux-x86_64-fedora-gcc | 2.2.1 | 83.82 | NOTE | |||
r-devel-windows-x86_64 | 2.2.1 | 8.00 | 75.00 | 83.00 | OK | |
r-patched-linux-x86_64 | 2.2.1 | 4.00 | 60.25 | 64.25 | OK | |
r-release-linux-x86_64 | 2.2.1 | 3.96 | 59.38 | 63.34 | OK | |
r-release-macos-arm64 | 2.2.1 | 30.00 | OK | |||
r-release-macos-x86_64 | 2.2.1 | 44.00 | OK | |||
r-release-windows-x86_64 | 2.2.1 | 9.00 | 80.00 | 89.00 | OK | |
r-oldrel-macos-arm64 | 2.2.1 | 34.00 | NOTE | |||
r-oldrel-macos-x86_64 | 2.2.1 | 38.00 | NOTE | |||
r-oldrel-windows-x86_64 | 2.2.1 | 9.00 | 81.00 | 90.00 | OK |
Version: 2.2.1
Check: dependencies in R code
Result: NOTE
Namespaces in Imports field not imported from:
‘digest’ ‘ergm’ ‘foreign’ ‘gWidgets2’ ‘gWidgets2tcltk’ ‘haven’
‘plot3D’ ‘plot3Drgl’ ‘rgl’ ‘sna’ ‘statnet.common’
All declared Imports should be used.
Flavors: r-devel-linux-x86_64-fedora-clang, r-devel-linux-x86_64-fedora-gcc, r-oldrel-macos-arm64, r-oldrel-macos-x86_64