Last updated on 2024-05-11 09:51:14 CEST.
Flavor | Version | Tinstall | Tcheck | Ttotal | Status | Flags |
---|---|---|---|---|---|---|
r-devel-linux-x86_64-debian-clang | 0.1 | 2.39 | 45.84 | 48.23 | NOTE | |
r-devel-linux-x86_64-debian-gcc | 0.1 | 1.89 | 33.08 | 34.97 | NOTE | |
r-devel-linux-x86_64-fedora-clang | 0.1 | 60.52 | NOTE | |||
r-devel-linux-x86_64-fedora-gcc | 0.1 | 57.74 | NOTE | |||
r-devel-windows-x86_64 | 0.1 | 3.00 | 57.00 | 60.00 | NOTE | |
r-patched-linux-x86_64 | 0.1 | 2.43 | 43.22 | 45.65 | NOTE | |
r-release-linux-x86_64 | 0.1 | 2.68 | 43.88 | 46.56 | NOTE | |
r-release-macos-arm64 | 0.1 | 21.00 | NOTE | |||
r-release-windows-x86_64 | 0.1 | 3.00 | 56.00 | 59.00 | NOTE | |
r-oldrel-macos-arm64 | 0.1 | 22.00 | NOTE | |||
r-oldrel-macos-x86_64 | 0.1 | 34.00 | NOTE | |||
r-oldrel-windows-x86_64 | 0.1 | 3.00 | 62.00 | 65.00 | NOTE |
Version: 0.1
Check: LazyData
Result: NOTE
'LazyData' is specified without a 'data' directory
Flavors: r-devel-linux-x86_64-debian-clang, r-devel-linux-x86_64-debian-gcc, r-devel-linux-x86_64-fedora-clang, r-devel-linux-x86_64-fedora-gcc, r-devel-windows-x86_64, r-patched-linux-x86_64, r-release-linux-x86_64, r-release-macos-arm64, r-release-windows-x86_64, r-oldrel-macos-arm64, r-oldrel-macos-x86_64, r-oldrel-windows-x86_64