Last updated on 2024-05-01 10:21:23 CEST.
Flavor | Version | Tinstall | Tcheck | Ttotal | Status | Flags |
---|---|---|---|---|---|---|
r-devel-linux-x86_64-debian-clang | 1.1.3 | 327.33 | 414.37 | 741.70 | OK | |
r-devel-linux-x86_64-debian-gcc | 1.1.3 | 314.72 | 372.52 | 687.24 | OK | |
r-devel-linux-x86_64-fedora-clang | 1.1.3 | 952.42 | NOTE | |||
r-devel-linux-x86_64-fedora-gcc | 1.1.3 | 1244.59 | NOTE | |||
r-devel-windows-x86_64 | 1.1.3 | 252.00 | 476.00 | 728.00 | NOTE | |
r-patched-linux-x86_64 | 1.1.3 | 251.82 | 646.57 | 898.39 | OK | |
r-release-linux-x86_64 | 1.1.3 | 268.51 | 533.65 | 802.16 | OK | |
r-release-macos-arm64 | 1.1.3 | 250.00 | NOTE | |||
r-release-windows-x86_64 | 1.1.3 | 255.00 | 416.00 | 671.00 | NOTE | |
r-oldrel-macos-arm64 | 1.1.3 | 328.00 | NOTE | |||
r-oldrel-macos-x86_64 | 1.1.3 | 694.00 | NOTE | |||
r-oldrel-windows-x86_64 | 1.1.3 | 320.00 | 515.00 | 835.00 | NOTE |
Version: 1.1.3
Check: installed package size
Result: NOTE
installed size is 5.8Mb
sub-directories of 1Mb or more:
data 1.7Mb
libs 3.5Mb
Flavors: r-devel-linux-x86_64-fedora-clang, r-devel-windows-x86_64, r-release-macos-arm64, r-release-windows-x86_64, r-oldrel-macos-arm64, r-oldrel-macos-x86_64, r-oldrel-windows-x86_64
Version: 1.1.3
Check: for GNU extensions in Makefiles
Result: NOTE
GNU make is a SystemRequirements.
Flavors: r-devel-linux-x86_64-fedora-clang, r-devel-linux-x86_64-fedora-gcc, r-release-macos-arm64, r-oldrel-macos-arm64, r-oldrel-macos-x86_64