Last updated on 2024-05-04 09:49:29 CEST.
Flavor | Version | Tinstall | Tcheck | Ttotal | Status | Flags |
---|---|---|---|---|---|---|
r-devel-linux-x86_64-debian-clang | 0.1.5 | 789.96 | 232.92 | 1022.88 | NOTE | |
r-devel-linux-x86_64-debian-gcc | 0.1.5 | 730.70 | 222.17 | 952.87 | NOTE | |
r-devel-linux-x86_64-fedora-clang | 0.1.5 | 1224.73 | NOTE | |||
r-devel-linux-x86_64-fedora-gcc | 0.1.5 | 1661.91 | NOTE | |||
r-devel-windows-x86_64 | 0.1.5 | 621.00 | 243.00 | 864.00 | NOTE | |
r-patched-linux-x86_64 | 0.1.5 | 600.26 | 296.33 | 896.59 | NOTE | |
r-release-linux-x86_64 | 0.1.5 | 784.51 | 297.75 | 1082.26 | NOTE | |
r-release-macos-arm64 | 0.1.5 | 313.00 | NOTE | |||
r-release-windows-x86_64 | 0.1.5 | 610.00 | 240.00 | 850.00 | NOTE | |
r-oldrel-macos-arm64 | 0.1.5 | 347.00 | NOTE | |||
r-oldrel-macos-x86_64 | 0.1.5 | 528.00 | NOTE | |||
r-oldrel-windows-x86_64 | 0.1.5 | 757.00 | 303.00 | 1060.00 | NOTE |
Version: 0.1.5
Check: for GNU extensions in Makefiles
Result: NOTE
GNU make is a SystemRequirements.
Flavors: r-devel-linux-x86_64-debian-clang, r-devel-linux-x86_64-debian-gcc, r-devel-linux-x86_64-fedora-clang, r-devel-linux-x86_64-fedora-gcc, r-devel-windows-x86_64, r-patched-linux-x86_64, r-release-linux-x86_64, r-release-macos-arm64, r-release-windows-x86_64, r-oldrel-macos-arm64, r-oldrel-macos-x86_64, r-oldrel-windows-x86_64
Version: 0.1.5
Check: installed package size
Result: NOTE
installed size is 6.7Mb
sub-directories of 1Mb or more:
libs 6.3Mb
Flavors: r-devel-linux-x86_64-fedora-clang, r-devel-windows-x86_64, r-release-macos-arm64, r-release-windows-x86_64, r-oldrel-macos-arm64, r-oldrel-macos-x86_64, r-oldrel-windows-x86_64
Version: 0.1.5
Check: dependencies in R code
Result: NOTE
Namespaces in Imports field not imported from:
‘RcppParallel’ ‘rstantools’
All declared Imports should be used.
Flavors: r-devel-linux-x86_64-fedora-clang, r-devel-linux-x86_64-fedora-gcc