Last updated on 2022-08-07 09:51:03 CEST.
Flavor | Version | Tinstall | Tcheck | Ttotal | Status | Flags |
---|---|---|---|---|---|---|
r-devel-linux-x86_64-debian-clang | 0.3.2 | 6.46 | 227.89 | 234.35 | OK | |
r-devel-linux-x86_64-debian-gcc | 0.3.2 | 5.37 | 161.36 | 166.73 | OK | |
r-devel-linux-x86_64-fedora-clang | 0.3.2 | 291.55 | NOTE | |||
r-devel-linux-x86_64-fedora-gcc | 0.3.2 | 284.16 | NOTE | |||
r-devel-windows-x86_64 | 0.3.2 | 57.00 | 267.00 | 324.00 | OK | |
r-patched-linux-x86_64 | 0.3.2 | 6.99 | 211.85 | 218.84 | OK | |
r-release-linux-x86_64 | 0.3.2 | 6.43 | 214.99 | 221.42 | OK | |
r-release-macos-arm64 | 0.3.2 | 104.00 | NOTE | |||
r-release-macos-x86_64 | 0.3.2 | 132.00 | NOTE | |||
r-release-windows-x86_64 | 0.3.2 | 61.00 | 267.00 | 328.00 | OK | |
r-oldrel-macos-arm64 | 0.3.2 | 88.00 | NOTE | |||
r-oldrel-macos-x86_64 | 0.3.2 | 130.00 | NOTE | |||
r-oldrel-windows-ix86+x86_64 | 0.3.2 | 16.00 | 285.00 | 301.00 | OK |
Version: 0.3.2
Check: dependencies in R code
Result: NOTE
Namespaces in Imports field not imported from:
‘HDInterval’ ‘MCMCpack’ ‘R2WinBUGS’ ‘R2jags’ ‘carData’ ‘rjags’
All declared Imports should be used.
Flavors: r-devel-linux-x86_64-fedora-clang, r-devel-linux-x86_64-fedora-gcc, r-release-macos-arm64, r-release-macos-x86_64, r-oldrel-macos-arm64, r-oldrel-macos-x86_64