CRAN Package Check Results for Package BayesMallows

Last updated on 2020-08-07 10:07:23 CEST.

Flavor Version Tinstall Tcheck Ttotal Status Flags
r-devel-linux-x86_64-debian-clang 0.4.3 175.33 92.05 267.38 OK
r-devel-linux-x86_64-debian-gcc 0.4.3 131.28 67.52 198.80 OK
r-devel-linux-x86_64-fedora-clang 0.4.3 375.04 NOTE
r-devel-linux-x86_64-fedora-gcc 0.4.3 337.95 OK
r-devel-windows-ix86+x86_64 0.4.3 450.00 211.00 661.00 OK
r-patched-linux-x86_64 0.4.3 139.34 88.88 228.22 OK
r-patched-solaris-x86 0.4.3 329.40 OK
r-release-linux-x86_64 0.4.3 133.97 89.45 223.42 OK
r-release-macos-x86_64 0.4.3 NOTE
r-release-windows-ix86+x86_64 0.4.3 450.00 149.00 599.00 OK
r-oldrel-macos-x86_64 0.4.3 NOTE
r-oldrel-windows-ix86+x86_64 0.4.3 303.00 163.00 466.00 OK

Check Details

Version: 0.4.3
Check: installed package size
Result: NOTE
     installed size is 7.9Mb
     sub-directories of 1Mb or more:
     doc 1.4Mb
     libs 6.0Mb
Flavors: r-devel-linux-x86_64-fedora-clang, r-release-macos-x86_64, r-oldrel-macos-x86_64