Last updated on 2024-03-28 10:49:29 CET.
Flavor | Version | Tinstall | Tcheck | Ttotal | Status | Flags |
---|---|---|---|---|---|---|
r-devel-linux-x86_64-debian-clang | 1.0.5 | 45.55 | 168.29 | 213.84 | NOTE | |
r-devel-linux-x86_64-debian-gcc | 1.0.5 | 37.80 | 125.06 | 162.86 | NOTE | |
r-devel-linux-x86_64-fedora-clang | 1.0.5 | 282.61 | NOTE | |||
r-devel-linux-x86_64-fedora-gcc | 1.0.5 | 299.47 | NOTE | |||
r-devel-windows-x86_64 | 1.0.5 | 43.00 | 144.00 | 187.00 | NOTE | |
r-patched-linux-x86_64 | 1.0.5 | 49.97 | 157.87 | 207.84 | NOTE | |
r-release-linux-x86_64 | 1.0.5 | 45.16 | 165.74 | 210.90 | NOTE | |
r-release-macos-arm64 | 1.0.5 | 91.00 | NOTE | |||
r-release-macos-x86_64 | 1.0.5 | 141.00 | NOTE | |||
r-release-windows-x86_64 | 1.0.5 | 54.00 | 184.00 | 238.00 | NOTE | |
r-oldrel-macos-arm64 | 1.0.5 | 73.00 | NOTE | |||
r-oldrel-windows-x86_64 | 1.0.5 | 51.00 | 176.00 | 227.00 | NOTE |
Version: 1.0.5
Check: C++ specification
Result: NOTE
Specified C++11: please drop specification unless essential
Flavors: r-devel-linux-x86_64-debian-clang, r-devel-linux-x86_64-debian-gcc, r-devel-linux-x86_64-fedora-clang, r-devel-linux-x86_64-fedora-gcc, r-devel-windows-x86_64, r-patched-linux-x86_64, r-release-linux-x86_64, r-release-macos-arm64, r-release-macos-x86_64, r-release-windows-x86_64
Version: 1.0.5
Check: for GNU extensions in Makefiles
Result: NOTE
GNU make is a SystemRequirements.
Flavors: r-devel-linux-x86_64-debian-clang, r-devel-linux-x86_64-debian-gcc, r-devel-linux-x86_64-fedora-clang, r-devel-linux-x86_64-fedora-gcc, r-devel-windows-x86_64, r-patched-linux-x86_64, r-release-linux-x86_64, r-release-macos-arm64, r-release-macos-x86_64, r-release-windows-x86_64, r-oldrel-macos-arm64, r-oldrel-windows-x86_64