CRAN Package Check Results for Package BLRShiny

Last updated on 2020-09-21 09:02:42 CEST.

Flavor Version Tinstall Tcheck Ttotal Status Flags
r-devel-linux-x86_64-debian-clang 0.1.0 1.84 17.91 19.75 OK
r-devel-linux-x86_64-debian-gcc 0.1.0 1.77 14.28 16.05 OK
r-devel-linux-x86_64-fedora-clang 0.1.0 34.10 NOTE
r-devel-linux-x86_64-fedora-gcc 0.1.0 25.37 NOTE
r-devel-windows-ix86+x86_64 0.1.0 8.00 33.00 41.00 OK
r-patched-linux-x86_64 0.1.0 1.99 17.67 19.66 OK
r-patched-solaris-x86 0.1.0 39.00 NOTE
r-release-linux-x86_64 0.1.0 2.16 17.67 19.83 OK
r-release-macos-x86_64 0.1.0 NOTE
r-release-windows-ix86+x86_64 0.1.0 7.00 34.00 41.00 OK
r-oldrel-macos-x86_64 0.1.0 NOTE
r-oldrel-windows-ix86+x86_64 0.1.0 3.00 31.00 34.00 OK

Check Details

Version: 0.1.0
Check: dependencies in R code
Result: NOTE
    Namespaces in Imports field not imported from:
     ‘caret’ ‘datasets’ ‘dplyr’ ‘e1071’ ‘ggplot2’ ‘rhandsontable’ ‘shiny’
     All declared Imports should be used.
Flavors: r-devel-linux-x86_64-fedora-clang, r-devel-linux-x86_64-fedora-gcc, r-patched-solaris-x86, r-release-macos-x86_64, r-oldrel-macos-x86_64