Last updated on 2024-04-22 09:50:29 CEST.
Flavor | Version | Tinstall | Tcheck | Ttotal | Status | Flags |
---|---|---|---|---|---|---|
r-devel-linux-x86_64-debian-clang | 1.2.3 | 28.08 | 184.85 | 212.93 | OK | |
r-devel-linux-x86_64-debian-gcc | 1.2.3 | 20.88 | 132.55 | 153.43 | OK | |
r-devel-linux-x86_64-fedora-clang | 1.2.3 | 268.49 | NOTE | |||
r-devel-linux-x86_64-fedora-gcc | 1.2.3 | 291.56 | OK | |||
r-prerel-macos-arm64 | 1.2.3 | 82.00 | OK | |||
r-prerel-windows-x86_64 | 1.2.3 | 25.00 | 154.00 | 179.00 | OK | |
r-patched-linux-x86_64 | 1.2.3 | 19.26 | 178.16 | 197.42 | OK | |
r-release-linux-x86_64 | 1.2.3 | 27.67 | 180.61 | 208.28 | OK | |
r-release-macos-arm64 | 1.2.3 | 80.00 | OK | |||
r-release-macos-x86_64 | 1.2.3 | 164.00 | OK | |||
r-release-windows-x86_64 | 1.2.3 | 34.00 | 172.00 | 206.00 | OK | |
r-oldrel-macos-arm64 | 1.2.3 | 81.00 | OK | |||
r-oldrel-windows-x86_64 | 1.2.3 | 33.00 | 171.00 | 204.00 | OK |
Version: 1.2.3
Check: installed package size
Result: NOTE
installed size is 8.1Mb
sub-directories of 1Mb or more:
libs 7.3Mb
Flavor: r-devel-linux-x86_64-fedora-clang