CRAN Package Check Results for Package BESTree

Last updated on 2020-07-06 10:03:48 CEST.

Flavor Version Tinstall Tcheck Ttotal Status Flags
r-devel-linux-x86_64-debian-clang 0.5.2 3.00 84.46 87.46 OK
r-devel-linux-x86_64-debian-gcc 0.5.2 2.45 60.09 62.54 OK
r-devel-linux-x86_64-fedora-clang 0.5.2 105.28 NOTE
r-devel-linux-x86_64-fedora-gcc 0.5.2 96.27 NOTE
r-devel-windows-ix86+x86_64 0.5.2 9.00 114.00 123.00 OK
r-patched-linux-x86_64 0.5.2 3.08 82.21 85.29 OK
r-patched-solaris-x86 0.5.2 115.30 NOTE
r-release-linux-x86_64 0.5.2 2.74 82.17 84.91 OK
r-release-osx-x86_64 0.5.2 NOTE
r-release-windows-ix86+x86_64 0.5.2 12.00 88.00 100.00 OK
r-oldrel-osx-x86_64 0.5.2 NOTE
r-oldrel-windows-ix86+x86_64 0.5.2 5.00 134.00 139.00 OK

Check Details

Version: 0.5.2
Check: dependencies in R code
Result: NOTE
    Namespace in Imports field not imported from: ‘compiler’
     All declared Imports should be used.
Flavors: r-devel-linux-x86_64-fedora-clang, r-devel-linux-x86_64-fedora-gcc, r-patched-solaris-x86, r-release-osx-x86_64, r-oldrel-osx-x86_64