CRAN Package Check Results for Package BDgraph

Last updated on 2022-01-17 09:55:51 CET.

Flavor Version Tinstall Tcheck Ttotal Status Flags
r-devel-linux-x86_64-debian-clang 2.64 48.60 61.47 110.07 OK
r-devel-linux-x86_64-debian-gcc 2.64 41.69 47.49 89.18 OK
r-devel-linux-x86_64-fedora-clang 2.64 154.35 OK
r-devel-linux-x86_64-fedora-gcc 2.64 140.08 OK
r-devel-windows-x86_64-new-UL 2.64 96.00 100.00 196.00 OK
r-devel-windows-x86_64-new-TK 2.64 OK
r-patched-linux-x86_64 2.64 49.26 59.44 108.70 OK
r-release-linux-x86_64 2.64 OK
r-release-macos-arm64 2.64 NOTE
r-release-macos-x86_64 2.64 OK
r-release-windows-ix86+x86_64 2.64 99.00 85.00 184.00 OK
r-oldrel-macos-x86_64 2.64 OK
r-oldrel-windows-ix86+x86_64 2.64 97.00 83.00 180.00 OK

Check Details

Version: 2.64
Check: installed package size
Result: NOTE
     installed size is 5.6Mb
     sub-directories of 1Mb or more:
     libs 4.3Mb
Flavor: r-release-macos-arm64