Last updated on 2023-01-27 10:50:11 CET.
Flavor | Version | Tinstall | Tcheck | Ttotal | Status | Flags |
---|---|---|---|---|---|---|
r-devel-linux-x86_64-debian-clang | 0.1.3 | 46.80 | 92.15 | 138.95 | OK | |
r-devel-linux-x86_64-debian-gcc | 0.1.3 | 39.10 | 69.76 | 108.86 | NOTE | |
r-devel-linux-x86_64-fedora-clang | 0.1.3 | 191.58 | OK | |||
r-devel-linux-x86_64-fedora-gcc | 0.1.3 | 278.27 | NOTE | |||
r-devel-windows-x86_64 | 0.1.3 | 43.00 | 131.00 | 174.00 | OK | |
r-patched-linux-x86_64 | 0.1.3 | 41.04 | 88.04 | 129.08 | OK | |
r-release-linux-x86_64 | 0.1.3 | 38.73 | 165.52 | 204.25 | OK | |
r-release-macos-arm64 | 0.1.3 | 71.00 | OK | |||
r-release-macos-x86_64 | 0.1.3 | 119.00 | OK | |||
r-release-windows-x86_64 | 0.1.3 | 327.00 | 222.00 | 549.00 | OK | |
r-oldrel-macos-arm64 | 0.1.3 | 84.00 | OK | |||
r-oldrel-macos-x86_64 | 0.1.3 | 124.00 | OK | |||
r-oldrel-windows-ix86+x86_64 | 0.1.3 | 109.00 | 155.00 | 264.00 | OK |
Version: 0.1.3
Check: C++ specification
Result: NOTE
Specified C++11: please update to current default of C++17
Flavors: r-devel-linux-x86_64-debian-gcc, r-devel-linux-x86_64-fedora-gcc