Last updated on 2023-03-28 10:51:29 CEST.
Flavor | Version | Tinstall | Tcheck | Ttotal | Status | Flags |
---|---|---|---|---|---|---|
r-devel-linux-x86_64-debian-clang | 1.0.1 | 2.16 | 22.89 | 25.05 | OK | |
r-devel-linux-x86_64-debian-gcc | 1.0.1 | 1.66 | 18.04 | 19.70 | OK | |
r-devel-linux-x86_64-fedora-clang | 1.0.1 | 34.45 | OK | |||
r-devel-linux-x86_64-fedora-gcc | 1.0.1 | 30.05 | OK | |||
r-patched-linux-x86_64 | 1.0.1 | 2.32 | 22.81 | 25.13 | OK | |
r-release-linux-x86_64 | 1.0.1 | 1.97 | 23.41 | 25.38 | OK | |
r-release-macos-arm64 | 1.0.1 | 26.00 | OK | |||
r-release-macos-x86_64 | 1.0.1 | 31.00 | OK | |||
r-release-windows-x86_64 | 1.0.1 | 60.00 | 439.00 | 499.00 | OK | |
r-oldrel-macos-arm64 | 1.0.1 | 33.00 | OK | |||
r-oldrel-macos-x86_64 | 1.0.1 | 21.00 | OK | |||
r-oldrel-windows-ix86+x86_64 | 1.0.1 | 86.00 | 430.00 | 516.00 | NOTE |
Version: 1.0.1
Check: R code for possible problems
Result: NOTE
Initiating curl with CURL_SSL_BACKEND: openssl
Flavor: r-oldrel-windows-ix86+x86_64