CRAN Package Check Results for Package AtmChile

Last updated on 2022-09-29 09:55:25 CEST.

Flavor Version Tinstall Tcheck Ttotal Status Flags
r-devel-linux-x86_64-debian-clang 1.0.1 5.39 46.08 51.47 OK
r-devel-linux-x86_64-debian-gcc 1.0.1 4.64 34.17 38.81 OK
r-devel-linux-x86_64-fedora-clang 1.0.1 76.34 NOTE
r-devel-linux-x86_64-fedora-gcc 1.0.1 73.23 NOTE
r-devel-windows-x86_64 1.0.1 20.00 87.00 107.00 OK
r-patched-linux-x86_64 1.0.1 4.56 44.00 48.56 OK
r-release-linux-x86_64 1.0.1 3.75 42.94 46.69 OK
r-release-macos-arm64 1.0.1 40.00 NOTE
r-release-macos-x86_64 1.0.1 46.00 NOTE
r-release-windows-x86_64 1.0.1 14.00 84.00 98.00 OK
r-oldrel-macos-arm64 1.0.1 42.00 NOTE
r-oldrel-macos-x86_64 1.0.1 50.00 NOTE
r-oldrel-windows-ix86+x86_64 1.0.1 15.00 90.00 105.00 OK

Check Details

Version: 1.0.1
Check: dependencies in R code
Result: NOTE
    Namespaces in Imports field not imported from:
     ‘DT’ ‘lubridate’ ‘openair’ ‘plotly’
     All declared Imports should be used.
Flavors: r-devel-linux-x86_64-fedora-clang, r-devel-linux-x86_64-fedora-gcc, r-release-macos-arm64, r-release-macos-x86_64, r-oldrel-macos-arm64, r-oldrel-macos-x86_64