CRAN Package Check Results for Package ArchaeoPhases

Last updated on 2020-08-14 10:03:26 CEST.

Flavor Version Tinstall Tcheck Ttotal Status Flags
r-devel-linux-x86_64-debian-clang 1.4.5 9.92 141.35 151.27 OK
r-devel-linux-x86_64-debian-gcc 1.4.5 8.08 108.81 116.89 OK
r-devel-linux-x86_64-fedora-clang 1.4.5 184.08 NOTE
r-devel-linux-x86_64-fedora-gcc 1.4.5 178.22 NOTE
r-devel-windows-ix86+x86_64 1.4.5 36.00 221.00 257.00 OK
r-patched-linux-x86_64 1.4.5 8.85 140.66 149.51 OK
r-patched-solaris-x86 1.4.5 287.40 NOTE
r-release-linux-x86_64 1.4.5 8.90 141.34 150.24 OK
r-release-macos-x86_64 1.4.5 NOTE
r-release-windows-ix86+x86_64 1.4.5 27.00 154.00 181.00 OK
r-oldrel-macos-x86_64 1.4.5 NOTE
r-oldrel-windows-ix86+x86_64 1.4.5 17.00 159.00 176.00 OK

Check Details

Version: 1.4.5
Check: dependencies in R code
Result: NOTE
    Namespace in Imports field not imported from: ‘DT’
     All declared Imports should be used.
Flavors: r-devel-linux-x86_64-fedora-clang, r-devel-linux-x86_64-fedora-gcc, r-patched-solaris-x86, r-release-macos-x86_64, r-oldrel-macos-x86_64