CRAN Package Check Results for Package AquaEnv

Last updated on 2022-10-07 10:52:59 CEST.

Flavor Version Tinstall Tcheck Ttotal Status Flags
r-devel-linux-x86_64-debian-clang 1.0-4 7.23 190.47 197.70 NOTE
r-devel-linux-x86_64-debian-gcc 1.0-4 5.76 136.91 142.67 NOTE
r-devel-linux-x86_64-fedora-clang 1.0-4 260.88 NOTE
r-devel-linux-x86_64-fedora-gcc 1.0-4 237.41 NOTE
r-devel-windows-x86_64 1.0-4 39.00 239.00 278.00 NOTE
r-patched-linux-x86_64 1.0-4 7.05 180.90 187.95 OK
r-release-linux-x86_64 1.0-4 7.85 180.36 188.21 OK
r-release-macos-arm64 1.0-4 88.00 OK
r-release-macos-x86_64 1.0-4 124.00 OK
r-release-windows-x86_64 1.0-4 47.00 240.00 287.00 OK
r-oldrel-macos-arm64 1.0-4 99.00 OK
r-oldrel-macos-x86_64 1.0-4 189.00 OK
r-oldrel-windows-ix86+x86_64 1.0-4 13.00 217.00 230.00 OK

Check Details

Version: 1.0-4
Check: Rd files
Result: NOTE
    checkRd: (-1) BufferFactors.Rd:33: Escaped LaTeX specials: \_
    checkRd: (-1) BufferFactors.Rd:34: Escaped LaTeX specials: \_
    checkRd: (-1) BufferFactors.Rd:35: Escaped LaTeX specials: \_
    checkRd: (-1) BufferFactors.Rd:36: Escaped LaTeX specials: \_
    checkRd: (-1) BufferFactors.Rd:37: Escaped LaTeX specials: \_
    checkRd: (-1) BufferFactors.Rd:38: Escaped LaTeX specials: \_
    checkRd: (-1) BufferFactors.Rd:40: Escaped LaTeX specials: \_ \_
    checkRd: (-1) BufferFactors.Rd:42: Escaped LaTeX specials: \_
    checkRd: (-1) BufferFactors.Rd:44: Escaped LaTeX specials: \_
    checkRd: (-1) K0_CO2.Rd:3: Escaped LaTeX specials: \_
    checkRd: (-1) K0_O2.Rd:3: Escaped LaTeX specials: \_
    checkRd: (-1) K_BOH3.Rd:3: Escaped LaTeX specials: \_
    checkRd: (-1) K_BOH3.Rd:13: Escaped LaTeX specials: \_
    checkRd: (-1) K_BOH3.Rd:14: Escaped LaTeX specials: \_
    checkRd: (-1) K_CO2.Rd:3: Escaped LaTeX specials: \_
    checkRd: (-1) K_CO2.Rd:16: Escaped LaTeX specials: \_
    checkRd: (-1) K_CO2.Rd:17: Escaped LaTeX specials: \_
    checkRd: (-1) K_H2PO4.Rd:3: Escaped LaTeX specials: \_
    checkRd: (-1) K_H2PO4.Rd:13: Escaped LaTeX specials: \_
    checkRd: (-1) K_H2PO4.Rd:14: Escaped LaTeX specials: \_
    checkRd: (-1) K_H2S.Rd:3: Escaped LaTeX specials: \_
    checkRd: (-1) K_H2S.Rd:13: Escaped LaTeX specials: \_
    checkRd: (-1) K_H2S.Rd:14: Escaped LaTeX specials: \_
    checkRd: (-1) K_H3PO4.Rd:3: Escaped LaTeX specials: \_
    checkRd: (-1) K_H3PO4.Rd:13: Escaped LaTeX specials: \_
    checkRd: (-1) K_H3PO4.Rd:14: Escaped LaTeX specials: \_
    checkRd: (-1) K_HCO3.Rd:3: Escaped LaTeX specials: \_
    checkRd: (-1) K_HCO3.Rd:17: Escaped LaTeX specials: \_
    checkRd: (-1) K_HCO3.Rd:18: Escaped LaTeX specials: \_
    checkRd: (-1) K_HF.Rd:3: Escaped LaTeX specials: \_
    checkRd: (-1) K_HF.Rd:17: Escaped LaTeX specials: \_
    checkRd: (-1) K_HPO4.Rd:3: Escaped LaTeX specials: \_
    checkRd: (-1) K_HPO4.Rd:13: Escaped LaTeX specials: \_
    checkRd: (-1) K_HPO4.Rd:14: Escaped LaTeX specials: \_
    checkRd: (-1) K_HSO4.Rd:3: Escaped LaTeX specials: \_
    checkRd: (-1) K_NH4.Rd:3: Escaped LaTeX specials: \_
    checkRd: (-1) K_NH4.Rd:13: Escaped LaTeX specials: \_
    checkRd: (-1) K_NH4.Rd:14: Escaped LaTeX specials: \_
    checkRd: (-1) K_SiOH4.Rd:3: Escaped LaTeX specials: \_
    checkRd: (-1) K_SiOH4.Rd:13: Escaped LaTeX specials: \_
    checkRd: (-1) K_SiOH4.Rd:14: Escaped LaTeX specials: \_
    checkRd: (-1) K_SiOOH3.Rd:3: Escaped LaTeX specials: \_
    checkRd: (-1) K_SiOOH3.Rd:13: Escaped LaTeX specials: \_
    checkRd: (-1) K_SiOOH3.Rd:14: Escaped LaTeX specials: \_
    checkRd: (-1) K_W.Rd:3: Escaped LaTeX specials: \_
    checkRd: (-1) K_W.Rd:13: Escaped LaTeX specials: \_
    checkRd: (-1) K_W.Rd:14: Escaped LaTeX specials: \_
    checkRd: (-1) Ksp_aragonite.Rd:3: Escaped LaTeX specials: \_
    checkRd: (-1) Ksp_calcite.Rd:3: Escaped LaTeX specials: \_
    checkRd: (-1) PhysChemConst.Rd:9: Escaped LaTeX specials: \_
    checkRd: (-1) TAfit.Rd:4: Escaped LaTeX specials: \_
    checkRd: (-1) TAfit.Rd:24: Escaped LaTeX specials: \_
    checkRd: (-1) TAfit.Rd:31: Escaped LaTeX specials: \_
    checkRd: (-1) TAfit.Rd:32: Escaped LaTeX specials: \_ \_ \_
    checkRd: (-1) TAfit.Rd:33: Escaped LaTeX specials: \_
    checkRd: (-1) TAfit.Rd:34: Escaped LaTeX specials: \_
    checkRd: (-1) TAfit.Rd:35: Escaped LaTeX specials: \_
    checkRd: (-1) TAfit.Rd:36: Escaped LaTeX specials: \_
    checkRd: (-1) TAfit.Rd:40: Escaped LaTeX specials: \_ \_
    checkRd: (-1) TAfit.Rd:42: Escaped LaTeX specials: \_
    checkRd: (-1) aquaenv.Rd:52: Escaped LaTeX specials: \_
    checkRd: (-1) aquaenv.Rd:53: Escaped LaTeX specials: \_ \_ \_
    checkRd: (-1) aquaenv.Rd:54: Escaped LaTeX specials: \_
    checkRd: (-1) aquaenv.Rd:55: Escaped LaTeX specials: \_
    checkRd: (-1) aquaenv.Rd:56: Escaped LaTeX specials: \_
    checkRd: (-1) aquaenv.Rd:57: Escaped LaTeX specials: \_
    checkRd: (-1) aquaenv.Rd:59: Escaped LaTeX specials: \_ \_
    checkRd: (-1) aquaenv.Rd:61: Escaped LaTeX specials: \_
    checkRd: (-1) aquaenv.Rd:63: Escaped LaTeX specials: \_
    checkRd: (-1) aquaenv.Rd:258: Escaped LaTeX specials: \_
    checkRd: (-1) aquaenv.Rd:259: Escaped LaTeX specials: \_
    checkRd: (-1) aquaenv.Rd:260: Escaped LaTeX specials: \_ \_
    checkRd: (-1) aquaenv.Rd:261: Escaped LaTeX specials: \_ \_ \_
    checkRd: (-1) aquaenv.Rd:262: Escaped LaTeX specials: \_ \_ \_
    checkRd: (-1) aquaenv.Rd:263: Escaped LaTeX specials: \_ \_ \_
    checkRd: (-1) aquaenv.Rd:264: Escaped LaTeX specials: \_ \_ \_
    checkRd: (-1) aquaenv.Rd:265: Escaped LaTeX specials: \_ \_ \_
    checkRd: (-1) aquaenv.Rd:266: Escaped LaTeX specials: \_ \_ \_
    checkRd: (-1) aquaenv.Rd:267: Escaped LaTeX specials: \_
    checkRd: (-1) aquaenv.Rd:277: Escaped LaTeX specials: \_ \_
    checkRd: (-1) convert.Rd:18: Escaped LaTeX specials: \_
    checkRd: (-1) convert.Rd:19: Escaped LaTeX specials: \_
    checkRd: (-1) gauge_p.Rd:3: Escaped LaTeX specials: \_
    checkRd: (-1) sample_dickson1981.Rd:3: Escaped LaTeX specials: \_
    checkRd: (-1) sample_dickson1981.Rd:16: Escaped LaTeX specials: \_
    checkRd: (-1) sample_dickson1981.Rd:17: Escaped LaTeX specials: \_
    checkRd: (-1) sample_dickson1981.Rd:23: Escaped LaTeX specials: \_
    checkRd: (-1) sample_dickson1981.Rd:24: Escaped LaTeX specials: \_
    checkRd: (-1) sample_dickson1981.Rd:25: Escaped LaTeX specials: \_
    checkRd: (-1) sample_dickson1981.Rd:26: Escaped LaTeX specials: \_
    checkRd: (-1) sample_dickson1981.Rd:27: Escaped LaTeX specials: \_
    checkRd: (-1) sample_dickson1981.Rd:28: Escaped LaTeX specials: \_
    checkRd: (-1) sample_dickson2007.Rd:3: Escaped LaTeX specials: \_
    checkRd: (-1) sample_dickson2007.Rd:16: Escaped LaTeX specials: \_
    checkRd: (-1) sample_dickson2007.Rd:17: Escaped LaTeX specials: \_
    checkRd: (-1) titration.Rd:24: Escaped LaTeX specials: \_
    checkRd: (-1) titration.Rd:25: Escaped LaTeX specials: \_ \_ \_
    checkRd: (-1) titration.Rd:26: Escaped LaTeX specials: \_
    checkRd: (-1) titration.Rd:27: Escaped LaTeX specials: \_
    checkRd: (-1) titration.Rd:28: Escaped LaTeX specials: \_
    checkRd: (-1) titration.Rd:29: Escaped LaTeX specials: \_
    checkRd: (-1) titration.Rd:30: Escaped LaTeX specials: \_ \_
    checkRd: (-1) titration.Rd:31: Escaped LaTeX specials: \_
Flavors: r-devel-linux-x86_64-debian-clang, r-devel-linux-x86_64-debian-gcc, r-devel-linux-x86_64-fedora-clang, r-devel-linux-x86_64-fedora-gcc, r-devel-windows-x86_64