CRAN Package Check Results for Package AnnuityRIR

Last updated on 2023-01-29 11:07:27 CET.

Flavor Version Tinstall Tcheck Ttotal Status Flags
r-devel-linux-x86_64-debian-clang 1.0-0 10.02 101.65 111.67 NOTE
r-devel-linux-x86_64-debian-gcc 1.0-0 9.02 77.35 86.37 NOTE
r-devel-linux-x86_64-fedora-clang 1.0-0 153.75 NOTE
r-devel-linux-x86_64-fedora-gcc 1.0-0 134.95 NOTE
r-devel-windows-x86_64 1.0-0 54.00 146.00 200.00 NOTE
r-patched-linux-x86_64 1.0-0 10.70 95.44 106.14 OK
r-release-linux-x86_64 1.0-0 9.83 98.73 108.56 OK
r-release-macos-arm64 1.0-0 39.00 OK
r-release-macos-x86_64 1.0-0 85.00 OK
r-release-windows-x86_64 1.0-0 31.00 138.00 169.00 OK
r-oldrel-macos-arm64 1.0-0 46.00 OK
r-oldrel-macos-x86_64 1.0-0 60.00 OK
r-oldrel-windows-ix86+x86_64 1.0-0 23.00 131.00 154.00 OK

Check Details

Version: 1.0-0
Check: Rd files
Result: NOTE
    checkRd: (-1) PV_post_triang_3.Rd:7: Escaped LaTeX specials: \_ \_
    checkRd: (-1) PV_post_triang_3.Rd:22: Escaped LaTeX specials: \_ \_
    checkRd: (-1) PV_pre_triang_3.Rd:7: Escaped LaTeX specials: \_ \_
    checkRd: (-1) PV_pre_triang_3.Rd:22: Escaped LaTeX specials: \_ \_
Flavors: r-devel-linux-x86_64-debian-clang, r-devel-linux-x86_64-debian-gcc, r-devel-linux-x86_64-fedora-clang, r-devel-linux-x86_64-fedora-gcc, r-devel-windows-x86_64