CRAN Package Check Results for Package ASSOCShiny

Last updated on 2020-09-21 09:02:41 CEST.

Flavor Version Tinstall Tcheck Ttotal Status Flags
r-devel-linux-x86_64-debian-clang 0.1.0 2.15 17.95 20.10 OK
r-devel-linux-x86_64-debian-gcc 0.1.0 1.79 14.32 16.11 OK
r-devel-linux-x86_64-fedora-clang 0.1.0 34.51 NOTE
r-devel-linux-x86_64-fedora-gcc 0.1.0 25.45 NOTE
r-devel-windows-ix86+x86_64 0.1.0 10.00 40.00 50.00 OK
r-patched-linux-x86_64 0.1.0 1.89 17.85 19.74 OK
r-patched-solaris-x86 0.1.0 39.90 NOTE
r-release-linux-x86_64 0.1.0 1.98 18.10 20.08 OK
r-release-macos-x86_64 0.1.0 NOTE
r-release-windows-ix86+x86_64 0.1.0 7.00 36.00 43.00 OK
r-oldrel-macos-x86_64 0.1.0 NOTE
r-oldrel-windows-ix86+x86_64 0.1.0 3.00 28.00 31.00 OK

Check Details

Version: 0.1.0
Check: dependencies in R code
Result: NOTE
    Namespaces in Imports field not imported from:
     ‘arules’ ‘arulesViz’ ‘dplyr’ ‘methods’ ‘plotly’ ‘shiny’ ‘shinyMatrix’
     All declared Imports should be used.
Flavors: r-devel-linux-x86_64-fedora-clang, r-devel-linux-x86_64-fedora-gcc, r-patched-solaris-x86, r-release-macos-x86_64, r-oldrel-macos-x86_64