CRAN Package Check Results for Package APIS

Last updated on 2020-08-11 09:48:23 CEST.

Flavor Version Tinstall Tcheck Ttotal Status Flags
r-devel-linux-x86_64-debian-clang 1.0.0 5.91 64.17 70.08 OK
r-devel-linux-x86_64-debian-gcc 1.0.0 5.25 48.33 53.58 OK
r-devel-linux-x86_64-fedora-clang 1.0.0 90.72 NOTE
r-devel-linux-x86_64-fedora-gcc 1.0.0 81.04 NOTE
r-devel-windows-ix86+x86_64 1.0.0 17.00 208.00 225.00 OK
r-patched-linux-x86_64 1.0.0 5.91 62.37 68.28 OK
r-patched-solaris-x86 1.0.0 219.40 OK
r-release-linux-x86_64 1.0.0 6.36 62.24 68.60 OK
r-release-macos-x86_64 1.0.0 OK
r-release-windows-ix86+x86_64 1.0.0 23.00 201.00 224.00 OK
r-oldrel-macos-x86_64 1.0.0 OK
r-oldrel-windows-ix86+x86_64 1.0.0 13.00 158.00 171.00 OK

Check Details

Version: 1.0.0
Check: compiled code
Result: NOTE
    File ‘APIS/libs/APIS.so’:
     Found no calls to: ‘R_registerRoutines’, ‘R_useDynamicSymbols’
    
    It is good practice to register native routines and to disable symbol
    search.
    
    See ‘Writing portable packages’ in the ‘Writing R Extensions’ manual.
Flavors: r-devel-linux-x86_64-fedora-clang, r-devel-linux-x86_64-fedora-gcc