CRAN Package Check Results for Package ANTs

Last updated on 2022-11-27 09:53:22 CET.

Flavor Version Tinstall Tcheck Ttotal Status Flags
r-devel-linux-x86_64-debian-clang 0.0.16 800.75 160.54 961.29 OK
r-devel-linux-x86_64-debian-gcc 0.0.16 587.33 121.08 708.41 OK
r-devel-linux-x86_64-fedora-clang 0.0.16 1630.69 OK
r-devel-linux-x86_64-fedora-gcc 0.0.16 1292.94 OK
r-devel-windows-x86_64 0.0.16 629.00 244.00 873.00 OK
r-patched-linux-x86_64 0.0.16 673.03 144.26 817.29 OK
r-release-linux-x86_64 0.0.16 614.09 146.90 760.99 OK
r-release-macos-arm64 0.0.16 224.00 NOTE
r-release-macos-x86_64 0.0.16 345.00 NOTE
r-release-windows-x86_64 0.0.16 625.00 240.00 865.00 OK
r-oldrel-macos-arm64 0.0.16 195.00 NOTE
r-oldrel-macos-x86_64 0.0.16 345.00 NOTE
r-oldrel-windows-ix86+x86_64 0.0.16 1795.00 243.00 2038.00 NOTE

Check Details

Version: 0.0.16
Check: installed package size
Result: NOTE
     installed size is 16.4Mb
     sub-directories of 1Mb or more:
     libs 14.2Mb
Flavors: r-release-macos-arm64, r-release-macos-x86_64, r-oldrel-macos-arm64, r-oldrel-macos-x86_64, r-oldrel-windows-ix86+x86_64