Last updated on 2023-02-05 09:57:08 CET.
Flavor | Version | Tinstall | Tcheck | Ttotal | Status | Flags |
---|---|---|---|---|---|---|
r-devel-linux-x86_64-debian-clang | 0.2.1 | 10.50 | 103.14 | 113.64 | OK | |
r-devel-linux-x86_64-debian-gcc | 0.2.1 | 7.76 | 76.31 | 84.07 | OK | |
r-devel-linux-x86_64-fedora-clang | 0.2.1 | 148.07 | NOTE | |||
r-devel-linux-x86_64-fedora-gcc | 0.2.1 | 147.92 | NOTE | |||
r-devel-windows-x86_64 | 0.2.1 | 26.00 | 160.00 | 186.00 | OK | |
r-patched-linux-x86_64 | 0.2.1 | 10.23 | 98.77 | 109.00 | OK | |
r-release-linux-x86_64 | 0.2.1 | 10.22 | 95.51 | 105.73 | OK | |
r-release-macos-arm64 | 0.2.1 | 44.00 | NOTE | |||
r-release-macos-x86_64 | 0.2.1 | 58.00 | NOTE | |||
r-release-windows-x86_64 | 0.2.1 | 28.00 | 142.00 | 170.00 | OK | |
r-oldrel-macos-arm64 | 0.2.1 | 48.00 | NOTE | |||
r-oldrel-macos-x86_64 | 0.2.1 | 66.00 | NOTE | |||
r-oldrel-windows-ix86+x86_64 | 0.2.1 | 24.00 | 144.00 | 168.00 | OK |
Version: 0.2.1
Check: dependencies in R code
Result: NOTE
Namespaces in Imports field not imported from:
‘mFilter’ ‘regclass’ ‘writexl’
All declared Imports should be used.
Flavors: r-devel-linux-x86_64-fedora-clang, r-devel-linux-x86_64-fedora-gcc, r-release-macos-arm64, r-release-macos-x86_64, r-oldrel-macos-arm64, r-oldrel-macos-x86_64