Last updated on 2024-04-22 09:50:28 CEST.
Flavor | Version | Tinstall | Tcheck | Ttotal | Status | Flags |
---|---|---|---|---|---|---|
r-devel-linux-x86_64-debian-clang | 2.0 | 32.71 | 113.45 | 146.16 | NOTE | |
r-devel-linux-x86_64-debian-gcc | 2.0 | 26.64 | 93.95 | 120.59 | NOTE | |
r-devel-linux-x86_64-fedora-clang | 2.0 | 320.58 | NOTE | |||
r-devel-linux-x86_64-fedora-gcc | 2.0 | 322.25 | NOTE | |||
r-prerel-macos-arm64 | 2.0 | 76.00 | NOTE | |||
r-prerel-windows-x86_64 | 2.0 | 28.00 | 181.00 | 209.00 | NOTE | |
r-patched-linux-x86_64 | 2.0 | 36.76 | 110.13 | 146.89 | NOTE | |
r-release-linux-x86_64 | 2.0 | 22.63 | 108.03 | 130.66 | OK | |
r-release-macos-arm64 | 2.0 | 86.00 | OK | |||
r-release-macos-x86_64 | 2.0 | 144.00 | OK | |||
r-release-windows-x86_64 | 2.0 | 35.00 | 222.00 | 257.00 | OK | |
r-oldrel-macos-arm64 | 2.0 | 78.00 | OK | |||
r-oldrel-windows-x86_64 | 2.0 | 36.00 | 211.00 | 247.00 | OK |
Version: 2.0
Check: Rd files
Result: NOTE
checkRd: (-1) getNetworkGridLayout.Rd:6-11: Lost braces
6 | getCoordinatesFromVertexId2<-function(AFMImage, vId) {
| ^
Flavors: r-devel-linux-x86_64-debian-clang, r-devel-linux-x86_64-debian-gcc, r-devel-linux-x86_64-fedora-clang, r-devel-linux-x86_64-fedora-gcc, r-prerel-macos-arm64, r-prerel-windows-x86_64, r-patched-linux-x86_64