CRAN Package Check Results for Package AER

Last updated on 2022-01-18 10:17:06 CET.

Flavor Version Tinstall Tcheck Ttotal Status Flags
r-devel-linux-x86_64-debian-clang 1.2-9 9.71 318.01 327.72 OK
r-devel-linux-x86_64-debian-gcc 1.2-9 10.27 261.79 272.06 OK
r-devel-linux-x86_64-fedora-clang 1.2-9 397.15 OK
r-devel-linux-x86_64-fedora-gcc 1.2-9 407.03 OK
r-devel-windows-x86_64-new-UL 1.2-9 111.00 466.00 577.00 OK
r-devel-windows-x86_64-new-TK 1.2-9 ERROR
r-patched-linux-x86_64 1.2-9 11.61 317.98 329.59 OK
r-release-linux-x86_64 1.2-9 OK
r-release-macos-arm64 1.2-9 OK
r-release-macos-x86_64 1.2-9 OK
r-release-windows-ix86+x86_64 1.2-9 23.00 461.00 484.00 OK
r-oldrel-macos-x86_64 1.2-9 OK
r-oldrel-windows-ix86+x86_64 1.2-9 23.00 381.00 404.00 OK

Check Details

Version: 1.2-9
Check: package dependencies
Result: ERROR
    Package required but not available: 'car'
    
    Packages suggested but not available for checking:
     'dynlm', 'effects', 'rugarch', 'sampleSelection', 'systemfit'
    
    See section 'The DESCRIPTION file' in the 'Writing R Extensions'
    manual.
Flavor: r-devel-windows-x86_64-new-TK