Last updated on 2024-05-05 10:53:16 CEST.
Flavor | Version | Tinstall | Tcheck | Ttotal | Status | Flags |
---|---|---|---|---|---|---|
r-devel-linux-x86_64-debian-clang | 0.3.3 | 81.68 | 78.43 | 160.11 | NOTE | |
r-devel-linux-x86_64-debian-gcc | 0.3.3 | 62.57 | 60.45 | 123.02 | NOTE | |
r-devel-linux-x86_64-fedora-clang | 0.3.3 | 203.07 | NOTE | |||
r-devel-linux-x86_64-fedora-gcc | 0.3.3 | 225.18 | NOTE | |||
r-devel-windows-x86_64 | 0.3.3 | 55.00 | 95.00 | 150.00 | NOTE | |
r-patched-linux-x86_64 | 0.3.3 | 68.72 | 75.86 | 144.58 | NOTE | |
r-release-linux-x86_64 | 0.3.3 | 79.03 | 84.07 | 163.10 | NOTE | |
r-release-macos-arm64 | 0.3.3 | 50.00 | NOTE | |||
r-release-windows-x86_64 | 0.3.3 | 59.00 | 98.00 | 157.00 | NOTE | |
r-oldrel-macos-arm64 | 0.3.3 | 59.00 | NOTE | |||
r-oldrel-macos-x86_64 | 0.3.3 | 96.00 | NOTE | |||
r-oldrel-windows-x86_64 | 0.3.3 | 72.00 | 118.00 | 190.00 | NOTE |
Version: 0.3.3
Check: C++ specification
Result: NOTE
Specified C++11: please drop specification unless essential
Flavors: r-devel-linux-x86_64-debian-clang, r-devel-linux-x86_64-debian-gcc, r-devel-linux-x86_64-fedora-clang, r-devel-linux-x86_64-fedora-gcc, r-devel-windows-x86_64, r-patched-linux-x86_64, r-release-linux-x86_64, r-release-macos-arm64, r-release-windows-x86_64, r-oldrel-macos-arm64, r-oldrel-macos-x86_64, r-oldrel-windows-x86_64
Version: 0.3.3
Check: installed package size
Result: NOTE
installed size is 5.8Mb
sub-directories of 1Mb or more:
libs 5.6Mb
Flavors: r-release-macos-arm64, r-oldrel-macos-arm64, r-oldrel-macos-x86_64