CRAN Package Check Results for Package ADGofTest

Last updated on 2022-08-08 09:49:37 CEST.

Flavor Version Tinstall Tcheck Ttotal Status Flags
r-devel-linux-x86_64-debian-clang 0.3 2.13 12.48 14.61 NOTE
r-devel-linux-x86_64-debian-gcc 0.3 1.52 10.41 11.93 NOTE
r-devel-linux-x86_64-fedora-clang 0.3 37.89 NOTE
r-devel-linux-x86_64-fedora-gcc 0.3 37.11 NOTE
r-devel-windows-x86_64 0.3 6.00 43.00 49.00 NOTE
r-patched-linux-x86_64 0.3 1.82 11.72 13.54 NOTE
r-release-linux-x86_64 0.3 NOTE
r-release-macos-arm64 0.3 12.00 NOTE
r-release-macos-x86_64 0.3 19.00 NOTE
r-release-windows-x86_64 0.3 3.00 38.00 41.00 NOTE
r-oldrel-macos-arm64 0.3 18.00 NOTE
r-oldrel-macos-x86_64 0.3 25.00 NOTE
r-oldrel-windows-ix86+x86_64 0.3 5.00 32.00 37.00 NOTE

Check Details

Version: 0.3
Check: DESCRIPTION meta-information
Result: NOTE
    Malformed Description field: should contain one or more complete sentences.
Flavors: r-devel-linux-x86_64-debian-clang, r-devel-linux-x86_64-debian-gcc, r-devel-linux-x86_64-fedora-clang, r-devel-linux-x86_64-fedora-gcc, r-devel-windows-x86_64, r-patched-linux-x86_64, r-release-linux-x86_64, r-release-macos-arm64, r-release-macos-x86_64, r-release-windows-x86_64, r-oldrel-macos-arm64, r-oldrel-macos-x86_64, r-oldrel-windows-ix86+x86_64