Last updated on 2024-03-28 10:49:26 CET.
Flavor | Version | Tinstall | Tcheck | Ttotal | Status | Flags |
---|---|---|---|---|---|---|
r-devel-linux-x86_64-debian-clang | 1.0.1 | 5.57 | 66.40 | 71.97 | NOTE | |
r-devel-linux-x86_64-debian-gcc | 1.0.1 | 4.67 | 50.07 | 54.74 | NOTE | |
r-devel-linux-x86_64-fedora-clang | 1.0.1 | 89.79 | NOTE | |||
r-devel-linux-x86_64-fedora-gcc | 1.0.1 | 102.74 | NOTE | |||
r-devel-windows-x86_64 | 1.0.1 | 7.00 | 74.00 | 81.00 | NOTE | |
r-patched-linux-x86_64 | 1.0.1 | 4.83 | 62.21 | 67.04 | NOTE | |
r-release-linux-x86_64 | 1.0.1 | 4.39 | 63.61 | 68.00 | NOTE | |
r-release-macos-arm64 | 1.0.1 | 35.00 | NOTE | |||
r-release-macos-x86_64 | 1.0.1 | 58.00 | NOTE | |||
r-release-windows-x86_64 | 1.0.1 | 9.00 | 81.00 | 90.00 | NOTE | |
r-oldrel-macos-arm64 | 1.0.1 | 30.00 | NOTE | |||
r-oldrel-windows-x86_64 | 1.0.1 | 8.00 | 83.00 | 91.00 | NOTE |
Version: 1.0.1
Check: LazyData
Result: NOTE
'LazyData' is specified without a 'data' directory
Flavors: r-devel-linux-x86_64-debian-clang, r-devel-linux-x86_64-debian-gcc, r-devel-linux-x86_64-fedora-clang, r-devel-linux-x86_64-fedora-gcc, r-devel-windows-x86_64, r-patched-linux-x86_64, r-release-linux-x86_64, r-release-macos-arm64, r-release-macos-x86_64, r-release-windows-x86_64, r-oldrel-macos-arm64, r-oldrel-windows-x86_64